c) = 113*c**2 + 36*c + 41. Let n be g(-1). Calculate the greatest common factor of n and 7906.
118
Suppose -232*q = 96268 - 1259980. Calculate the highest common divisor of q and 110.
22
Let u(j) = j**2 + 32*j + 38. Let y be u(-31). Let s(c) = c**2 + 8*c + 166. Let n be s(-27). Calculate the highest common divisor of y and n.
7
Suppose -101*x - 56 = -2884. What is the greatest common factor of 1085 and x?
7
Let i(q) = -q**3 - 17*q**2 - q - 18. Let j be i(-17). Let u(x) = 218*x**2 + 19*x + 18. Let b be u(j). What is the highest common factor of b and 21?
7
Let f be 82 + -4 + (-13)/(65/(-50)). Calculate the greatest common factor of f and 976.
8
Let g(p) = -24*p**3 - 13*p**2 - 13*p + 3. Let c be g(-5). What is the greatest common divisor of c and 1477?
211
Let a(t) = -5*t**3 - 19*t**2 + 13*t + 32. Let c be a(-6). Calculate the greatest common factor of c and 560.
70
Suppose -2*j + 0*r + r = 114, 5*r - 157 = 3*j. Let z be (-12)/(-8)*(-3174)/(-69). Let u = z + j. Calculate the highest common divisor of 30 and u.
10
Let c = 16 - 11. Suppose l + c*y - 52 = 0, 5*l + 2*y - 376 = 6*y. Let a = -13 + 31. Calculate the highest common factor of l and a.
18
Let v(k) = k**3 + 17*k**2 - 2*k - 20. Let b be v(-17). Let j = b + 40. Suppose 16*c = 7*c + j. Calculate the highest common factor of c and 54.
6
Let s = -27713 + 28127. Calculate the highest common factor of s and 1350.
18
Let a(w) = w**2 + 9*w + 16. Let r be a(-15). Let y = -106 + r. Suppose -3*i + 188 + 217 = y. What is the greatest common divisor of i and 15?
15
Let b(c) = -c**3 - 4*c**2 + 3. Let u be b(-4). Suppose 23*w - 18*w = 2465. Let p = w - 484. What is the greatest common factor of u and p?
3
Let m(b) = -b**3 + b**2 - 2*b - 9. Let c be m(0). Let p = 32 + c. Let x be 1834/8 + 1/((-20)/(-15)). What is the greatest common factor of p and x?
23
Let l = -361 + 758. Let o be l + -2 + (10 - 2). Calculate the greatest common factor of 31 and o.
31
Suppose 4*m + 264 = 5*q, m - 280 = -3*q - 142. Calculate the greatest common divisor of q and 82.
2
Suppose 66 = 3*t + 57. Let y(w) = 2*w**3 - 7*w**2 + 13*w + 5. Let r be y(t). Calculate the highest common divisor of r and 28.
7
Suppose -2*h = -8, -2*k + 2*h = -5 + 7. Suppose -k*x = 3*l - 1337 + 482, -5*x = 5. What is the highest common factor of 78 and l?
26
Let l be (-42)/(-9 - -15) - -76. What is the greatest common divisor of l and 92?
23
Suppose -5*h + 18*g - 16*g = -55395, 0 = h + 3*g - 11062. Calculate the greatest common factor of h and 209.
209
Suppose 347*h - 188 - 11864 = 27506. Suppose 2*q - 18 = -q. What is the greatest common factor of h and q?
6
Suppose 14*b - 6419 + 7673 - 34140 = 0. What is the highest common factor of b and 29?
29
Let q(p) = p**3 + 6*p**2 + 9*p - 4. Let v = -20 - -16. Let r be q(v). Let g be r/(-36) - 1/((-36)/424). Calculate the highest common factor of 36 and g.
12
Let o(u) = -u**3 - u**2 - 16*u - 45. Let v be o(-6). What is the highest common factor of v and 385?
77
Let w(v) = -93*v - 9. Let g be w(-2). Let b = g + -165. Calculate the highest common divisor of 9 and b.
3
Let l be 393/6 - 2/4. Let o = 142 - l. What is the greatest common factor of o and 33?
11
Let s = -98 + 101. Suppose -o = -s*v - 101, 2*v + 296 = -8*o + 11*o. What is the greatest common factor of 14 and o?
14
Suppose 0 = u + 4*b - 187, -429 = -5*u - 5*b + 446. What is the highest common divisor of u and 99?
9
Let f(d) = -2*d**3 - 6*d**2 - 25*d - 286. Let u be f(-10). Calculate the greatest common factor of 220 and u.
44
Suppose 56 = 11*r + 12. Suppose -h - r = -34. Calculate the greatest common divisor of 285 and h.
15
Let h = -459 + 612. Suppose -4*p = 2*w - 580, -p + h - 6 = w. Calculate the greatest common factor of p and 11.
11
Suppose 209*v - 204*v = 370. Let a be ((-26)/78)/(2/(2 - v)). What is the highest common divisor of a and 92?
4
Let t = -1281 - -1842. Suppose -3*f + 158 + 289 = -5*x, -4*f - 5*x + t = 0. Calculate the highest common divisor of f and 108.
36
Let i be (72/(-45))/((-12)/210). Let q be ((-1)/2)/((-6)/24). Calculate the highest common divisor of q and i.
2
Suppose 91*b - 3735 = 997. What is the greatest common factor of 91 and b?
13
Let x = 1117 - 1089. Let w = 733 + -509. What is the highest common divisor of w and x?
28
Let z(l) = -l**3 + 8*l**2 - 4*l - 27. Let m be z(7). Let f be m/(-4)*56/6. Let h = 29 - -6. What is the highest common divisor of f and h?
7
Suppose -3*p - 29*p + 317107 = 57*p. Calculate the greatest common factor of p and 14.
7
Suppose 0 = 8*b - 5*q - 2425, -5*b + 5*q + 1515 = 2*q. Calculate the highest common divisor of 125 and b.
25
Let o be 39 + (5 + -2)/3. Suppose -p = 34 - o. What is the greatest common divisor of 96 and p?
6
Let q = -72 + 264. Let s be (15/((-225)/q))/(4/(-30)). Suppose -a + 12 = a. Calculate the highest common factor of a and s.
6
Let g = -1179 + 1611. What is the highest common divisor of g and 324?
108
Suppose 0 = -9*d + 7*d - 18. Let z be -1 + (6/d*3 - -23). Suppose -2*s = z - 32. Calculate the greatest common factor of s and 138.
6
Let p = -1881 - -2425. What is the greatest common divisor of 374 and p?
34
Suppose 0 = 63*j - 10874 - 15334. Suppose -m = -4*x + 2*x - 7, 0 = x - 3. Calculate the highest common divisor of m and j.
13
Suppose 309*j - 25 = -s + 307*j, 5*s - j = 70. What is the highest common divisor of s and 510?
15
Suppose 0 = 3*w - 0*w - 24. Let n(i) = 5*i - 28 - 18*i - 7 - 49. Let g be n(-12). What is the greatest common factor of w and g?
8
Suppose -2*h + 7 = 1. Let o(l) = 16*l**2 + l. Let g be o(h). Suppose -135 = -3*w - 5*x, -2*w + g = w + x. What is the highest common factor of w and 20?
10
Suppose 55*j - 9551 + 3837 = 3746. What is the highest common divisor of j and 1118?
86
Suppose -5*d + 4*f + 47 = 0, 4*f + 12 = -0. Suppose 2*b - 4 = 0, x + 5 - 3 = b. Suppose d*i - 579 - 156 = x. What is the greatest common factor of 42 and i?
21
Let g be 3/6 + 1826/(-88)*-10. Calculate the highest common factor of 48 and g.
16
Suppose -7*d + 2*d + 19*d = 0. Suppose 3*l = -0*t - t + 3688, d = -5*t - 10. Calculate the highest common divisor of l and 30.
30
Suppose 0 = -419*a + 404*a + 2025. What is the highest common factor of a and 171?
9
Suppose h - 7 = -11*d + 15*d, -2*h - 4*d = -62. Suppose h = 6*l - 61. What is the highest common divisor of l and 35?
7
Let u = -6968 - -6974. Calculate the greatest common factor of 2094 and u.
6
Let n be ((-2)/(-6))/(1/12*2). Suppose -7*s + y + 23 = -n*s, 2*y + 18 = 3*s. Let z = 2 - 0. What is the highest common factor of z and s?
2
Let v(l) = 2724*l + 269. Let w be v(5). What is the greatest common factor of 19 and w?
19
Let j = 7010 - 6802. Calculate the greatest common divisor of 52 and j.
52
Let o = 68 + -66. Suppose -2*w + 5*f + 20 = o*w, w - f = 4. Suppose 0 = -w*r + 9*r - 171. Calculate the greatest common divisor of r and 19.
19
Suppose 37 + 19 = -7*x. Let c(z) = -z**3 - 7*z**2 + 11*z + 12. Let f be c(x). Let m be ((-18)/(-15))/(f/(-90)). Calculate the greatest common factor of m and 1.
1
Let r = 28282 - -30410. What is the highest common factor of 219 and r?
219
Let b = 136 - 111. Suppose 216 = -7*a + b*a. Calculate the greatest common divisor of 8 and a.
4
Suppose -x + 126 = x. Let q(m) = 2*m**2 - 41*m - 210. Let i be q(31). What is the greatest common divisor of x and i?
63
Suppose 5*z - 107 = -2*y, -21*y - 145 = -26*y + 5*z. What is the greatest common factor of y and 5877?
9
Suppose 45*b - 3986 - 739 = 0. What is the highest common divisor of 285 and b?
15
Suppose -17*b = b - 162. Suppose 4*u - b*u - 825 = -5*m, 3*m - 4*u = 500. Calculate the greatest common divisor of m and 60.
20
Suppose 5*u - 240 = 3*a + 621, -2*u + a + 343 = 0. Calculate the highest common divisor of 822 and u.
6
Let n(z) = -7*z + 21. Let d be n(2). Suppose -2*t = -3*k + 1, -25 = -k - 5*t - 2. Suppose -k*j + 97 + 113 = 0. What is the greatest common factor of d and j?
7
Let u(j) = 8*j - 1. Suppose 7*g - 6*g = 2. Suppose -7*m + 5 + g = 0. Let k be u(m). What is the highest common divisor of 49 and k?
7
Let f be ((-940)/(-30))/(14/21). Calculate the greatest common factor of 3149 and f.
47
Let b be ((-372)/(-1116))/((-2)/(-4500)). Calculate the highest common divisor of 120 and b.
30
Suppose 210 = 5*l + 5*r - 0*r, -5*l = -r - 180. Let a = l - 37. Suppose